8?
8
What is the tens digit of 377?
7
What is the tens digit of 6436?
3
What is the hundreds digit of 123?
1
What is the hundreds digit of 38601?
6
What is the units digit of 10126?
6
What is the hundreds digit of 772?
7
What is the tens digit of 7356?
5
What is the hundreds digit of 4272?
2
What is the thousands digit of 16414?
6
What is the thousands digit of 2364?
2
What is the ten thousands digit of 14441?
1
What is the tens digit of 943?
4
What is the units digit of 3250?
0
What is the thousands digit of 16080?
6
What is the units digit of 67342?
2
What is the tens digit of 12981?
8
What is the hundreds digit of 1540?
5
What is the tens digit of 16481?
8
What is the thousands digit of 67795?
7
What is the units digit of 8024?
4
What is the units digit of 750?
0
What is the hundreds digit of 1031?
0
What is the units digit of 512?
2
What is the units digit of 7323?
3
What is the units digit of 119174?
4
What is the tens digit of 1190?
9
What is the hundreds digit of 2781?
7
What is the units digit of 92681?
1
What is the tens digit of 364?
6
What is the hundreds digit of 1366?
3
What is the hundred thousands digit of 177979?
1
What is the thousands digit of 12954?
2
What is the tens digit of 2537?
3
What is the hundreds digit of 3158?
1
What is the units digit of 4669?
9
What is the tens digit of 36184?
8
What is the units digit of 9998?
8
What is the hundreds digit of 41088?
0
What is the tens digit of 22305?
0
What is the thousands digit of 4008?
4
What is the thousands digit of 104607?
4
What is the ten thousands digit of 109767?
0
What is the ten thousands digit of 32854?
3
What is the units digit of 2313?
3
What is the thousands digit of 27585?
7
What is the hundreds digit of 540?
5
What is the tens digit of 4197?
9
What is the hundreds digit of 1758?
7
What is the units digit of 5906?
6
What is the tens digit of 1313?
1
What is the thousands digit of 4680?
4
What is the hundreds digit of 7200?
2
What is the hundreds digit of 966?
9
What is the hundreds digit of 1552?
5
What is the units digit of 232?
2
What is the thousands digit of 89053?
9
What is the hundreds digit of 21497?
4
What is the units digit of 2636?
6
What is the tens digit of 76279?
7
What is the tens digit of 3320?
2
What is the tens digit of 723?
2
What is the thousands digit of 2954?
2
What is the tens digit of 18047?
4
What is the hundreds digit of 909?
9
What is the tens digit of 79?
7
What is the thousands digit of 63377?
3
What is the tens digit of 12982?
8
What is the thousands digit of 17409?
7
What is the tens digit of 238?
3
What is the units digit of 1004?
4
What is the units digit of 21029?
9
What is the tens digit of 1461?
6
What is the hundreds digit of 5867?
8
What is the ten thousands digit of 178739?
7
What is the hundreds digit of 746?
7
What is the tens digit of 4701?
0
What is the units digit of 11195?
5
What is the thousands digit of 4323?
4
What is the tens digit of 89285?
8
What is the tens digit of 31995?
9
What is the hundred thousands digit of 136449?
1
What is the thousands digit of 82116?
2
What is the hundreds digit of 1227?
2
What is the hundreds digit of 52657?
6
What is the tens digit of 1705?
0
What is the tens digit of 13245?
4
What is the hundreds digit of 449?
4
What is the units digit of 3504?
4
What is the tens digit of 1389?
8
What is the tens digit of 465?
6
What is the hundreds digit of 893?
8
What is the ten thousands digit of 15518?
1
What is the tens digit of 548?
4
What is the hundreds digit of 24539?
5
What is the units digit of 1470?
0
What is the thousands digit of 5005?
5
What is the units digit of 677?
7
What is the hundreds digit of 4267?
2
What is the tens digit of 6390?
9
What is the tens digit of 2854?
5
What is the units digit of 112?
2
What is the tens digit of 984?
8
What is the tens digit of 44167?
6
What is the thousands digit of 2898?
2
What is the tens digit of 745?
4
What is the thousands digit of 50943?
0
What is the hundreds digit of 2240?
2
What is the units digit of 11503?
3
What is the tens digit of 778?
7
What is the thousands digit of 4740?
4
What is the units digit of 958?
8
What is the tens digit of 1925?
2
What is the hundreds digit of 921?
9
What is the hundreds digit of 18389?
3
What is the thousands digit of 2309?
2
What is the hundreds digit of 1902?
9
What is the ten thousands digit of 29636?
2
What is the tens digit of 4429?
2
What is the thousands digit of 1319?
1
What is the units digit of 13288?
8
What is the tens digit of 34063?
6
What is the tens digit of 39478?
7
What is the ten thousands digit of 18545?
1
What is the hundreds digit of 24007?
0
What is the units digit of 787?
7
What is the thousands digit of 5535?
5
What is the units digit of 1500?
0
What is the units digit of 2?
2
What is the tens digit of 315?
1
What is the tens digit of 282?
8
What is the units digit of 267?
7
What is the ten thousands digit of 26029?
2
What is the hundreds digit of 149?
1
What is the units digit of 5844?
4
What is the hundred thousands digit of 117678?
1
What is the units digit of 1750?
0
What is the hundreds digit of 619?
6
What is the thousands digit of 7307?
7
What is the hundreds digit of 2175?
1
What is the tens digit of 58427?
2
What is the tens digit of 4842?
4
What is the hundreds digit of 3246?
2
What is the tens digit of 621?
2
What is the ten thousands digit of 28149?
2
What is the units digit of 4643?
3
What is the units digit of 995?
5
What is the thousands digit of 8287?
8
What is the ten thousands digit of 40192?
4
What is the thousands digit of 53970?
3
What is the tens digit of 6929?
2
What is the ten thousands digit of 42207?
4
What is the hundreds digit of 1470?
4
What is the hundreds digit of 8790?
7
What is the thousands digit of 7644?
7
What is the hundreds digit of 2182?
1
What is the tens digit of 46412?
1
What is the units digit of 6701?
1
What is the tens digit of 3443?
4
What is the hundreds digit of 16096?
0
What is the units digit of 809?
9
What is the tens digit of 356?
5
What is the units digit of 18?
8
What is the units digit of 1061?
1
What is the ten thousands digit of 83309?
8
What is the units digit of 935?
5
What is the units digit of 5806?
6
What is the units digit of 544?
4
What is the units digit of 4690?
0
What is the hundreds digit of 6730?
7
What is the units digit of 3582?
2
What is the hundred thousands digit of 109997?
1
What is the thousands digit of 134025?
4
What is the hundreds digit of 135554?
5
What is the hundreds digit of 9014?
0
What is the units digit of 5?
5
What is the units digit of 523?
3
What is the units digit of 760?
0
What is the tens digit of 1800?
0
What is the hundreds digit of 332?
3
What is the units digit of 2449?
9
What is the units digit of 1459?
9
What is the thousands digit of 17635?
7
What is the tens digit of 3703?
0
What is the units digit of 16360?
0
What is the units digit of 56616?
6
What is the thousands digit of 2717?
2
What is the ten thousands digit of 19810?
1
What is the units digit of 4042?
2
What is the units digit of 10732?
2
What is the tens digit of 16822?
2
What is the thousands digit of 64289?
4
What is the hundreds digit of 14001?
0
What is the tens digit of 290?
9
What is the ten thousands digit of 35929?
3
What is the units digit of 4496?
6
What is the thousands digit of 3525?
3
What is the hundreds digit of 616?
6
What is the units digit of 57525?
5
What is the units digit of 9623?
3
What is the tens digit of 62981?
8
What is the units digit of 1157?
7
What is the hundreds digit of 269?
2
What is the thousands digit of 18877?
8
What is the tens digit of 31938?
3
What is the tens digit of 2318?
1
What is the units digit of 1560?
0
What is the thousands digit of 8106?
8
What is the thousands digit of 14582?
4
What is the units digit of 45?
5
What is the thousands digit of 4029?
4
What is the ten thousands digit of 70284?
7
What is the thousands digit of 15162?
5
What is the hundreds digit of 67282?
2
What is the units digit of 870?
0
What is the ten thousands digit of 19945?
1
What is the ten thousands digit of 45874?
4
What is the thousands digit of 7360?
7
What is the tens digit of 1625?
2
What is the units digit of 11463?
3
What is the hundreds digit of 31140?
1
What is the units digit of 5087?
7
W